) to base 11.
4
53 (base 14) to base 13
58
-49 (base 12) to base 11
-52
-33 (base 6) to base 5
-41
Convert -36 (base 15) to base 5.
-201
55 (base 14) to base 6
203
What is 130 (base 5) in base 10?
40
-1001 (base 2) to base 15
-9
What is -3 (base 15) in base 13?
-3
3 (base 12) to base 9
3
0 (base 11) to base 8
0
Convert -16 (base 13) to base 4.
-103
-24 (base 15) to base 2
-100010
What is -10001 (base 2) in base 6?
-25
What is -63 (base 10) in base 11?
-58
-b5 (base 13) to base 4
-2110
Convert 2 (base 12) to base 16.
2
-3 (base 9) to base 11
-3
What is 32 (base 10) in base 5?
112
Convert 11b (base 13) to base 3.
21011
71 (base 10) to base 7
131
What is -4b (base 12) in base 10?
-59
-64 (base 11) to base 13
-55
What is 165 (base 9) in base 7?
260
15 (base 12) to base 2
10001
Convert 310 (base 5) to base 6.
212
What is -18 (base 9) in base 3?
-122
What is 3 (base 16) in base 9?
3
Convert -4 (base 11) to base 9.
-4
4 (base 5) to base 4
10
Convert 2 (base 14) to base 7.
2
151 (base 13) to base 11
1a4
What is 2202 (base 3) in base 8?
112
Convert -134 (base 7) to base 3.
-2202
-212 (base 7) to base 6
-255
Convert -28 (base 10) to base 3.
-1001
Convert -3 (base 14) to base 8.
-3
Convert 19 (base 11) to base 6.
32
What is -130 (base 9) in base 16?
-6c
Convert -3 (base 6) to base 5.
-3
Convert 111 (base 2) to base 13.
7
Convert -557 (base 8) to base 3.
-111121
Convert -13 (base 6) to base 16.
-9
-300 (base 5) to base 14
-55
Convert 252 (base 6) to base 2.
1101000
What is -3 (base 8) in base 3?
-10
Convert -3 (base 6) to base 16.
-3
What is -41 (base 5) in base 12?
-19
Convert 7 (base 14) to base 6.
11
What is 3 (base 9) in base 15?
3
-3 (base 4) to base 8
-3
Convert 551 (base 8) to base 9.
441
What is -c2 (base 16) in base 10?
-194
What is 20 (base 7) in base 8?
16
114 (base 9) to base 3
10111
What is 103 (base 7) in base 12?
44
What is 11 (base 14) in base 8?
17
3 (base 13) to base 14
3
What is 12 (base 3) in base 14?
5
Convert 2 (base 13) to base 4.
2
What is 22 (base 5) in base 10?
12
Convert -5 (base 16) to base 7.
-5
What is -100001 (base 2) in base 6?
-53
Convert -13 (base 9) to base 8.
-14
Convert 15 (base 15) to base 16.
14
Convert -8 (base 15) to base 4.
-20
162 (base 10) to base 12
116
What is 13 (base 5) in base 7?
11
Convert -6 (base 7) to base 13.
-6
-2a (base 14) to base 4
-212
Convert 0 (base 16) to base 15.
0
What is -1021 (base 3) in base 6?
-54
Convert -102202 (base 3) to base 10.
-317
-3 (base 7) to base 5
-3
What is -14 (base 8) in base 3?
-110
Convert 14 (base 5) to base 6.
13
Convert 2 (base 12) to base 10.
2
What is 43 (base 7) in base 13?
25
-249 (base 10) to base 8
-371
-31 (base 4) to base 3
-111
-1111 (base 5) to base 2
-10011100
48 (base 10) to base 2
110000
Convert -1001 (base 2) to base 16.
-9
What is 125 (base 7) in base 6?
152
Convert 4 (base 12) to base 5.
4
What is 7 (base 13) in base 12?
7
What is 1d (base 14) in base 10?
27
Convert -23 (base 11) to base 10.
-25
Convert f (base 16) to base 14.
11
-300 (base 4) to base 7
-66
144 (base 7) to base 3
10000
-22 (base 9) to base 13
-17
-72 (base 13) to base 12
-79
What is 6 (base 16) in base 11?
6
What is -3 (base 6) in base 12?
-3
Convert 87 (base 16) to base 13.
a5
Convert -34 (base 10) to base 12.
-2a
-9 (base 15) to base 2
-1001
3 (base 4) to base 12
3
100 (base 5) to base 8
31
-12b (base 16) to base 2
-100101011
Convert 30 (base 10) to base 16.
1e
-3 (base 5) to base 3
-10
-10 (base 7) to base 12
-7
Convert 1 (base 10) to base 2.
1
Convert 1 (base 5) to base 13.
1
Convert 3 (base 9) to base 3.
10
-121002 (base 3) to base 9
-532
What is -1 (base 9) in base 3?
-1
Convert a3 (base 16) to base 2.
10100011
-9 (base 14) to base 2
-1001
Convert -2 (base 10) to base 4.
-2
121 (base 4) to base 3
221
What is -399 (base 10) in base 3?
-112210
Convert 201 (base 4) to base 12.
29
-5 (base 16) to base 12
-5
a (base 14) to base 12
a
-12 (base 7) to base 14
-9
-3 (base 15) to base 6
-3
28 (base 10) to base 2
11100
Convert 4 (base 12) to base 5.
4
-a (base 11) to base 4
-22
2a (base 11) to base 3
1012
What is 2 (base 10) in base 15?
2
Convert 3e (base 15) to base 13.
47
What is -2 (base 15) in base 7?
-2
0 (base 4) to base 9
0
Convert 4 (base 7) to base 14.
4
What is 1122 (base 6) in base 7?
530
Convert -32 (base 12) to base 4.
-212
Convert -6 (base 7) to base 5.
-11
Convert -7 (base 10) to base 5.
-12
2 (base 7) to base 13
2
Convert -38 (base 13) to base 3.
-1202
Convert -133 (base 7) to base 8.
-111
Convert -10001010 (base 2) to base 9.
-163
What is -41 (base 14) in base 15?
-3c
Convert 5 (base 7) to base 11.
5
Convert -2 (base 11) to base 10.
-2
Convert 605 (base 7) to base 8.
453
What is 110101 (base 2) in base 13?
41
Convert 1220 (base 3) to base 8.
63
-5 (base 12) to base 13
-5
What is -14 (base 9) in base 11?
-12
What is 31 (base 7) in base 8?
26
2 (base 9) to base 6
2
Convert 0 (base 7) to base 2.
0
5 (base 16) to base 13
5
-14 (base 5) to base 11
-9
Convert 1111 (base 2) to base 5.
30
Convert 1 (base 11) to base 10.
1
What is 1010 (base 5) in base 3?
11211
Convert -2 (base 7) to base 3.
-2
What is -53 (base 12) in base 10?
-63
What is 3 (base 13) in base 7?
3
Convert -15 (base 10) to base 4.
-33
What is 12 (base 9) in base 10?
11
Convert 1 (base 3) to base 7.
1
-22112 (base 3) to base 14
-126
What is -10 (base 3) in base 12?
-3
Convert -20 (base 3) to base 4.
-12
What is -1 (base 4) in base 15?
-1
What is 19 (base 11) in base 14?
16
100110 (base 2) to base 11
35
Convert 332 (base 5) to base 15.
62
-10 (base 16) to base 10
-16
Convert 5 (base 16) to base 13.
5
Convert -9 (base 14) to base 13.
-9
What is 20a (base 11) in base 6?
1100
-45 (base 9) to base 6
-105
Convert -17 (base 9) to base 3.
-121
Convert -55 (base 11) to base 12.
-50
Convert -4 (base 16) to base 11.
-4
-143 (base 9) to base 12
-a0
Convert -d (base 14) to base 11.
-12
What is -33 (base 7) in base 5?
-44
What is 24 (base 15) in base 2?
100010
What is 175 (base 12) in base 6?
1025
3 (base 11) to base 14
3
-1000 (base 2) to base 14
-8
Convert -11 (base 15) to base 2.
-10000
155 (base 11) to base 8
265
Convert 132 (base 10) to base 3.
11220
Convert 10 (base 3) to base 2.
11
What is -1 (base 6) in base 8?
-1
-28 (base 9) to base 14
-1c
Convert 10 (base 2) to base 6.
2
-b (base 13) to base 15
-b
Convert 141 (base 6) to base 12.
51
Convert 247 (base 8) to base 16.
a7
What is 25 (base 10) in base 13?
1c
Convert -3 (base 6) to base 7.
-3
-411 (base 8) to base 6
-1121
What is 1 (base 12) in base 9?
1
Convert 86 (base 9) to base 2.
1001110
-3 (base 9) to base 5
-3
-7 (base 11) to base 14
-7
What is -12 (base 6) in base 7?
-11
Convert 2 (base 11) to base 5.
2
Convert -22 (base 9) to base 5.
-40
Convert -3 (base 11) to base 6.
-3
26 (base 12) to base 14
22
Convert 7 (base 14) to base 13.
7
-33 (base 4) to base 8
-17
What is -16 (base 7) in base 16?
-d
Convert 46 (base 7) to base 3.
1021
-50 (base 12) to base 6
-140
-1 (base 2) to base 15
-1
-1 (base 9) to base 12
-1
Convert a (base 11) to base 12.
a
7 (base 12) to base 5
12
What is 1 (base 2) in base 11?
1
1 (base 14) to base 4
1
Convert -19 (base 15) to base 2.
-11000
What is -5 (base 9) in base 6?
-5
What is -10101 (base 2) in base 4?
-111
What is -88 (base 9) in base 8?
-120
-2 (base 3) to base 8
-2
What is -21 (base 7) in base 15?
-10
-100 (base 2) to base 8
-4
1001110 (base 2) to base 9
86
Convert 0 (base 6) to base 13.
0
Convert 165 (base 8) to base 14.
85
What is 1011111 (base 2) in base 16?
5f
What is -3 (base 15) in base 4?
-3
112 (base 8) to base 6
202
Convert -10 (base 8) to base 4.
-20
Convert -11 (base 5) to base 10.
-6
What is -23 (base 8) in base 5?
-34
1 (base 12) to base 11
1
What is 5 (base 12) in base 5?
10
What is -10100 (base 2) in base 5?
-40
-10 (base 15) to base 11
-14
Convert -1 (base 12) to base 2.
-1
1 (base 13) to base 5
1
Convert -67 (base 10) to base 12.
-57
0 (base 15) to base 9
0
Convert 2 (base 14) to base 12.
2
-3 (base 4) to base 9
-3
Convert 3 (base 15) to base 5.
3
-13 (base 15) to base 7
-24
-1 (base 11) to base 6
-1
What is -10 (base 13) in base 9?
-14
-1 (base 4) to base 8
-1
Convert -34 (base 9) to base 6.
-51
Convert 11 (base 6) to base 9.
7
What is -1a (base 11) in base 2?
-10101
What is 11 (base 7) in base 6?
12
Convert -13a (b